5. What is p(-17)?
-153
Let d(o) = o**3 + 2*o**2 + 214*o + 873. Calculate d(-4).
-15
Let c(z) = z**2 + 25*z - 436. Give c(-44).
400
Let t(x) = x - 127. Calculate t(125).
-2
Let z(o) = o**3 + 37*o**2 + o + 42. Give z(-37).
5
Let d(s) = 147*s + 1604. Calculate d(-11).
-13
Let j(l) = 19*l + 22. Determine j(15).
307
Let p(k) = -54*k**2 + 107*k + 211. What is p(-2)?
-219
Let y(s) = -s**3 + 5*s**2 + 2*s + 19. Determine y(-3).
85
Let z(f) = -f**3 - 8*f**2 - 19*f + 21. Determine z(7).
-847
Let x(g) = -g**3 - 12*g**2 - 29*g + 36. Calculate x(-6).
-6
Let j(n) = 6*n - 49. Give j(-24).
-193
Let k(j) = -6*j**3 - 10*j**2 + 58*j + 2. What is k(4)?
-310
Let c(j) = j**2 + 184*j - 2155. Give c(-195).
-10
Let q(v) = -v**2 - 9*v - 40. What is q(-16)?
-152
Let a(j) = j**3 + 69*j**2 + 681*j - 206. What is a(-57)?
-35
Let a(u) = 7*u**2 + 57*u - 31. Calculate a(-12).
293
Let i(d) = 6406*d + 32017. Determine i(-5).
-13
Let d(t) = t**3 - t**2 + 6*t - 71. What is d(0)?
-71
Let w(r) = -34*r + 2046. Determine w(59).
40
Let v(q) = -4*q**3 - 45*q**2 + 20*q + 3. What is v(-12)?
195
Let d(j) = -j**2 - 5*j + 2. Give d(-6).
-4
Let c(o) = 89*o - 4920. Determine c(55).
-25
Let o(w) = -3*w**2 - 5*w + 78. Determine o(8).
-154
Let a(b) = -2*b**2 - 25*b + 187. Calculate a(-18).
-11
Let n(f) = -f**2 - 59*f - 350. Give n(-7).
14
Let b(z) = -z**2 + 105*z + 13500. What is b(180)?
0
Let c(w) = -9*w - 345. Determine c(-25).
-120
Let d(q) = -4*q**2 - 58*q + 364. Calculate d(6).
-128
Let y(c) = -4*c**2 + 85*c + 89. Determine y(22).
23
Let i(k) = k**3 - 56*k**2 - 107*k + 2828. Calculate i(57).
-22
Let r(g) = g**2 + 154*g - 4428. Determine r(25).
47
Let x(q) = -9*q**3 - 99*q**2 - q - 16. Determine x(-11).
-5
Let l(x) = x**2 - 1145*x + 16953. What is l(15)?
3
Let o(n) = n**2 - 11*n - 129. Calculate o(18).
-3
Let k(t) = 8*t**3 + 247*t**2 - 28*t - 34. Give k(-31).
-127
Let j(a) = 6*a**2 + 25*a - 268. Determine j(-12).
296
Let h(l) = -2*l**2 - 2*l + 3. Determine h(-2).
-1
Let a(v) = -205*v + 3076. Determine a(15).
1
Let j(p) = p**3 + 31*p**2 + 41*p + 20. Determine j(-30).
-310
Let i(t) = -35*t - 1374. Determine i(-21).
-639
Let c(t) = 7*t**2 + 23*t + 24. Give c(-3).
18
Let j(u) = 7*u**2 + 19*u + 62. Calculate j(-8).
358
Let w(x) = x**3 + 8*x**2 - 16*x + 2. Calculate w(-10).
-38
Let m(w) = 2*w**3 + 52*w**2 + 6*w + 122. What is m(-26)?
-34
Let r(t) = -t**2 + 33*t + 1967. What is r(64)?
-17
Let y(m) = -m**2 - 175*m + 9082. Give y(42).
-32
Let s(n) = n**3 - 29*n**2 - 99*n + 2075. Calculate s(30).
5
Let a(h) = -h**2 - 3*h - 40. Give a(-17).
-278
Let m(o) = 53*o**2 - 3339*o - 126. Calculate m(63).
-126
Let j(r) = r**2 - 138*r + 807. Determine j(6).
15
Let q(y) = -98*y - 1439. Give q(-16).
129
Let m(a) = 1200*a**2 + 7198*a - 9. What is m(-6)?
3
Let w(s) = 324*s - 1945. Give w(6).
-1
Let j(h) = -h**3 + 8*h**2 - 6*h + 126. What is j(10)?
-134
Let i(f) = -174*f + 8881. Give i(51).
7
Let j(s) = -s**3 + 26*s**2 + 73*s + 401. Calculate j(29).
-5
Let j(b) = 177*b - 1648. Calculate j(9).
-55
Let c(l) = 5*l**3 - 6*l**2 + 6*l - 10. What is c(2)?
18
Let o(f) = -8*f - 512. Calculate o(-72).
64
Let w(d) = -55*d**2 - 2215*d - 595. Calculate w(-40).
5
Let l(c) = -144*c + 1136. Give l(8).
-16
Let o(w) = 14*w**2 - 92*w + 146. Calculate o(5).
36
Let i(v) = -2*v**2 - 96*v + 452. Give i(-48).
452
Let f(n) = 2*n + 45. Calculate f(-18).
9
Let o(x) = x**2 - 16*x - 225. What is o(-11)?
72
Let l(p) = 2*p**3 - 39*p**2 + 18*p - 14. Give l(19).
-33
Let y(i) = -9*i**2 + 56*i - 108. Determine y(2).
-32
Let a(f) = 1218*f - 2428. Determine a(2).
8
Let g(p) = -3*p**2 - 41*p + 289. Give g(5).
9
Let x(a) = -a**2 + 516*a - 41607. Give x(100).
-7
Let q(m) = m**3 - 42*m**2 + 271*m - 44. Determine q(34).
-78
Let r(c) = 29*c**2 - 27*c - 72. Determine r(-3).
270
Let u(a) = 6657*a + 153114. Give u(-23).
3
Let g(j) = -2*j**2 + 2*j - 17. What is g(10)?
-197
Let n(s) = -s**2 - 27*s - 58. Give n(-34).
-296
Let t(i) = 2*i**3 + 308*i**2 - 622*i + 5. Determine t(2).
9
Let w(y) = 58*y - 1847. What is w(32)?
9
Let t(d) = -d**3 - 84*d**2 + 174*d + 143. Give t(-86).
-29
Let o(c) = -5*c**2 - 55*c - 117. Determine o(-2).
-27
Let m(c) = -1357*c - 27179. What is m(-20)?
-39
Let t(y) = 13*y**2 - 26*y - 208. Give t(-4).
104
Let x(t) = -2840*t - 14189. Determine x(-5).
11
Let v(k) = -826*k + 75171. What is v(91)?
5
Let o(f) = -f**3 + 50*f**2 - 140*f - 28. Give o(47).
19
Let z(x) = 12*x**2 + 1630*x - 279. Give z(-136).
-7
Let i(o) = -8*o**2 + 1407*o - 3995. What is i(173)?
-16
Let n(l) = -l**3 - 23*l**2 + 81*l + 40. What is n(-26)?
-38
Let t(o) = -o**3 + 8*o**2 + 145*o - 1205. Determine t(9).
19
Let y(k) = -k**3 + 72*k**2 - 896*k - 5. Calculate y(56).
-5
Let r(w) = 1473*w - 11762. Determine r(8).
22
Let r(l) = -l**3 - 2*l**2 - 37*l - 114. Calculate r(-3).
6
Let i(d) = -96*d. Calculate i(-1).
96
Let o(u) = -92*u + 949. What is o(10)?
29
Let i(v) = -v**3 + 26*v**2 - 48*v + 32. What is i(24)?
32
Let k(s) = -s**2 - 389*s - 8. What is k(0)?
-8
Let k(s) = -2551*s - 17853. Give k(-7).
4
Let c(v) = -259*v - 13980. Give c(-54).
6
Let g(k) = -k**3 - 23*k**2 + 53*k + 2451. Calculate g(-19).
0
Let k(n) = -2*n**2 + 56*n - 469. Give k(18).
-109
Let s(g) = g**3 - 17*g**2 - 57*g - 58. What is s(20)?
2
Let i(w) = -54*w + 1088. Determine i(20).
8
Let v(q) = -5*q**3 - q**2 + 413*q - 18. What is v(9)?
-27
Let j(v) = -37*v + 264. Calculate j(8).
-32
Let c(g) = 4*g**2 + 20*g - 417. Determine c(8).
-1
Let n(j) = 108*j - 2261. Calculate n(21).
7
Let n(z) = 1105*z - 7742. Calculate n(7).
-7
Let r(b) = 2*b**2 + 104*b + 550. Give r(-46).
-2
Let v(b) = -1757*b + 28086. Give v(16).
-26
Let a(f) = -175*f - 59. Give a(-2).
291
Let m(r) = 53*r**3 - 4*r**2 + 3*r - 2. Determine m(1).
50
Let u(i) = 7*i**2 + 64*i + 25. Give u(-9).
16
Let m(a) = -31*a + 3587. Calculate m(116).
-9
Let m(q) = -4*q**2 - 204*q - 3. Give m(-51).
-3
Let o(u) = -u**3 - 3*u**2 - 21*u + 215. Determine o(5).
-90
Let u(i) = 989*i - 2871. Determine u(3).
96
Let c(v) = 11*v**2 - 79*v - 13. What is c(9)?
167
Let m(w) = w**2 - 71*w + 144. What is m(2)?
6
Let z(o) = o**3 + 15*o**2 - 33*o - 51. Determine z(-17).
-68
Let t(q) = -5*q - 69. Calculate t(-45).
156
Let c(d) = 18252*d - 18265. Give c(1).
-13
Let y(m) = -9*m + 55. Give y(4).
19
Let y(k) = -88*k + 4395. Determine y(50).
-5
Let y(w) = 38*w - 133. Determine y(3).
-19
Let f(h) = 6*h**2 + 46*h - 2. Determine f(0).
-2
Let d(x) = x**3 + 10*x**2 - 39*x - 179. Calculate d(-12).
1
Let i(y) = -3*y**3 - 72*y**2 - y + 39. Give i(-24).
63
Let c(m) = -m**2 - 1248*m - 24563. What is c(-20)?
-3
Let w(s) = -s**2 - 234*s + 37827. What is w(110)?
-13
Let x(p) = 25*p - 1214. Calculate x(49).
11
Let s(n) = 263*n - 9. Give s(0).
-9
Let b(h) = h**3 + 19*h**2 + 40*h - 30. What is b(-8)?
354
Let m(b) = 871*b + 35710. Give m(-41).
-1
Let l(k) = -4*k**2 - 146*k + 82. What is l(-37)?
8
Let j(t) = 112*t - 1993. Determine j(18).
23
Let j(c) = -532*c + 6922. Give j(13).
6
Let c(w) = w**3 + 14*w**2 + 12*w + 46. What is c(-13)?
59
Let g(a) = -a**2 + 70*a + 67. What is g(71)?
-4
Let w(u) = -u**2 - 20*u - 34. Determine w(-20).
-34
Let q(n) = -163*n - 849. Determine q(-6).
129
Let a(i) = -31*i**2 - 2604*i - 91. Give a(-84).
-91
Let b(g) = 5*g**3 + 52*g**2 - 32*g + 15. Give b(-11).
4
Let y(j) = -70*j - 5005. Determine y(-71).
-35
Let p(y) = 4638*y - 533375. Give p(115).
-5
Let x(r) = -61*r**2 - 159*r - 1. Determine x(-3).
-73
Let s(g) = -g**3 - 7*g**2 - 70*g - 224. Calculate s(-4).
8
Let o(w) = 2*w**3 - w**2 + w. Determine o(1).
2
Let y(t) = 200*t - 1388. Determine y(7).
12
Let u(x) = 3*x + 27. What is u(-16)?
-21
Let h(m) = -1981*m - 43581. Calculate h(-22).
1
Let m(s) = -31*s**2 + 6*s + 18. Calculate m(-2).
-118
Let x(h) = -155*h - 2777. What is x(-18)?
13
Let v(u) = -758*u - 736. What is v(-1)?
22
Let q(a) = -92*a**2 + 123*a + 112. Calculate q(-1).
-103
Let s(u) = u**3 + 50*u**2 - 6*u - 191. Calculate s(-50).
109
Let p(c) = 14*c**2 - 135*c + 18. Give p(9).
-63
Let j(t) = 894*t + 7098. Calculate j(-8).
-54
Let p(o) = o**3 - 13*o**2 + 190*o - 1723. What is p(9)?
-337
Let n(y) = -22*y + 15. Determine n(3).
-51
Let s(w) = w**3 - 44*w**2 - 47*w + 54. Calculate s(45).
-36
Let f(g) = g**2 + 15*g + 40. Determine f(-10).
-10
Let v(b) = 656*b - 7252. Determine v(11).
-36
Let l(h) = -3*h**2 - 262*h - 635. Determine